rs of m.
2, 3, 5
Let b = 118 + -64. Let c = b - -6. What are the prime factors of c?
2, 3, 5
Suppose 4 = 3*c - 2*c, -5*n - 5*c - 160 = 0. Let t = n + 57. Let b = -17 + t. What are the prime factors of b?
2
Suppose -5*t + 1868 = v, -3*t = -3*v - 0*t + 5694. List the prime factors of v.
3, 631
Suppose -u + 4 = -g, -5*g + 17 + 35 = 3*u. Suppose -u*s - 618 = -12*s. List the prime factors of s.
2, 103
Suppose 0 = 3*m - m + 4. List the prime factors of (212/8)/(m/(-4)).
53
Suppose -2*t + 4*y + 20 = 0, t - y = 3*t - 10. Suppose -t = l - 4*l. Suppose 5*j + l*d = 126, -j + 51 = j + d. List the prime factors of j.
2, 3
Let u(r) = -r**3 + 5*r**2 - 4*r + 2. Let a be u(4). Let c(f) = 8*f - 9 - a*f - 2*f. What are the prime factors of c(14)?
47
Let k(l) = 3*l + 2. Let i be k(8). Suppose 5*v - 2*q + 3*q = 100, 0 = v - q - i. List the prime factors of (-14)/v*21/(-2).
7
Suppose -2*s + 2*z = -16, -12 - 8 = -s - 2*z. Let m(r) = r**3 - 11*r**2 + 2*r + 7. What are the prime factors of m(s)?
5, 7
Let w(s) = s**2 - 6*s + 8. Let q be w(5). Suppose -j + 2*i = -62, 3*j = q*i - 5*i + 218. What are the prime factors of j?
2, 5, 7
Let u(f) = -2*f**2 + 19*f - 3. Let n be u(9). Suppose 3*t - n*t + 5*a = -23, 4 = -4*a. List the prime factors of t.
2, 3
Let a = 0 + -10. Let w(h) = h - 2. Let b be w(a). List the prime factors of (-246)/b + 3/2.
2, 11
Let b(z) = -4*z - 3. Let u be b(-2). Let r be 3 - (1 - 2 - (-4 - -35)). Suppose 80 = 5*p + 5*v, 0*p = 2*p + u*v - r. What are the prime factors of p?
3, 5
Let f(v) = v**3 + 10*v**2 - 11*v + 2. Let h be f(-11). Suppose -5 = -u - h. Suppose -12 - 33 = -u*m. What are the prime factors of m?
3, 5
Let i be 3/(34/14 - 2). Suppose 4*s + i*h - 15 = 4*h, -h + 15 = 3*s. List the prime factors of (-5 - -23) + s/2.
3, 7
Suppose 6*p = c + 2*p - 428, 0 = -c - p + 403. Let f = -198 - -246. Suppose r = -5*m + c, f = -4*m - 2*r + 378. What are the prime factors of m?
3
List the prime factors of 1 - 30750/(-14) - 888/2072.
13
Let n = -693 - -1013. What are the prime factors of n?
2, 5
Suppose -3*t = 3*t. Suppose 5*b - 147 = p, 5*b - 3*p - 149 - 2 = t. What are the prime factors of b?
29
Let i(v) = -3*v - 1. Suppose -10 - 6 = -2*x. Suppose 3*u - 60 = x*u. What are the prime factors of i(u)?
5, 7
Let o(l) be the second derivative of l**5/20 - l**4/2 - 5*l**3/6 + l**2 - 2*l. Let h(w) = -w**2 + 9*w + 17. Let q be h(10). List the prime factors of o(q).
2
Let w(m) = -4*m**2 - 2*m + 5. Let y be w(-3). Let b = 25 + y. Suppose 2*s + 3 - 47 = b. What are the prime factors of s?
2, 11
Let a(h) be the second derivative of h**6/180 + 11*h**5/120 - h**4/3 - 4*h. Let z(k) be the third derivative of a(k). List the prime factors of z(5).
31
Let d = 25 + -17. Suppose -6*a + 72 = -2*a. Suppose o + d - a = 0. List the prime factors of o.
2, 5
Let a = 537 - 235. List the prime factors of a.
2, 151
What are the prime factors of (12/18)/(2/1170)?
2, 3, 5, 13
Suppose -107 - 1165 = -4*a. Let s = a - 200. Suppose 5*g = -2*o + 3*o + s, 2*g = -o + 50. What are the prime factors of g?
2, 3
Let d = -29 - -467. Suppose -4*f + 912 = 4*q - 9*q, -d = -2*f - 2*q. List the prime factors of f.
223
Let q = -28 - -30. Suppose 0 = q*d - 4*f + 10 - 40, d + 5 = -2*f. Suppose -215 = -d*w - 5*t, w = 4*w + 2*t - 127. What are the prime factors of w?
41
Suppose 0 = -30*z + 5335 + 14285. List the prime factors of z.
2, 3, 109
Suppose 8*y - 1145 = 10407. List the prime factors of y.
2, 19
Suppose 2 = -5*m + 7*m, -2*u + 2*m + 104 = 0. List the prime factors of u.
53
Let a(o) = -3*o**3 - o**2 + 476. List the prime factors of a(0).
2, 7, 17
Let b = -26 + 28. Suppose 4*h - 2 - 10 = 0. Suppose -a - h*v + 73 = 3*a, -10 = b*v. List the prime factors of a.
2, 11
Suppose -4*t - 5*t = 18. Let p(l) = 36*l**2 + l - 3. What are the prime factors of p(t)?
139
Suppose 3*n + x - 5*x = 30, 4*n = 5*x + 39. Suppose 0 = t, -n*a - t + 252 = -3*a. List the prime factors of a.
2, 3, 7
Let t(u) = 6*u + 1. Let q be t(-1). Let f(b) be the third derivative of -b**6/120 - b**5/30 + 3*b**4/8 + 5*b**3/3 - 213*b**2. List the prime factors of f(q).
2, 5
Let m = -7 + 14. Let f(o) be the first derivative of 2*o**3/3 - 9*o**2/2 - 7*o - 80. What are the prime factors of f(m)?
2, 7
Suppose 3*u + 900 = 5*d - 0*d, -3*d - u = -554. List the prime factors of d.
3, 61
Let x be 8*(1/4 + 0). Suppose 0*g - 138 = x*g. Let n = g + 116. What are the prime factors of n?
47
Let d(f) = f**3 - 5*f**2 + 5. Let a be d(5). Suppose -4*i + 49 = a. What are the prime factors of i?
11
Let g = 165 + 122. List the prime factors of g.
7, 41
Suppose 144 = 4*c + 4*z, c + 0*c - 52 = -5*z. Suppose 82 = 2*a - c. What are the prime factors of a?
3, 19
Let l = -159 + 2086. What are the prime factors of l?
41, 47
Let x be 4/4*(-2 + 5). Suppose x*d - 3*l = 107 + 64, 5*l = 15. What are the prime factors of d?
2, 3, 5
Suppose -2*g - 97 = -5*v - 4*g, g - 96 = -5*v. Suppose -295 = 14*x - v*x. What are the prime factors of x?
59
Suppose 5*p - 16 - 15 = -2*t, 5*t - 4 = -2*p. Suppose -i + 57 = -p. Suppose 2*f - 5*b = i, -f + 72 = f - 3*b. List the prime factors of f.
2, 3, 7
Suppose 4*g + g + 4*b - 30 = 0, 9 = -3*g + 3*b. Suppose g*k - 183 = -3*r, -3*k = -0*k. What are the prime factors of r?
61
Suppose 4*c + 172 = 4*y, 207 = 3*y + 2*y + 3*c. Let a = y + -22. What are the prime factors of a?
2, 5
Let o = 50 - 22. Let a be ((-1)/(-2))/(7/o). List the prime factors of (-22)/(-6) - a/(-6).
2
What are the prime factors of 237580/80 - (-1)/(-8)*6?
2969
Suppose -5*o + 8*o - 6 = 0. Suppose 0*j + o*j = 34. Let c = j - 4. What are the prime factors of c?
13
Suppose -33630 = -5*s - 14*s. Suppose -s = -0*x - 6*x. What are the prime factors of x?
5, 59
Let u(b) = 239*b**2 - 25*b + 51. List the prime factors of u(2).
3, 11, 29
Let h(r) = -10*r**3 - 6*r**2 + 3*r + 6. Let t(y) = -y**3 - 5*y**2 - 5*y. Let v be t(-3). List the prime factors of h(v).
3, 71
Suppose 0*o - 2 = 2*o. Let r = o - -15. List the prime factors of r.
2, 7
Let x = 225 + -41. Suppose 6*y = 2*y + x. List the prime factors of y.
2, 23
Suppose 0 = 8*b - 7042 - 2142. List the prime factors of b.
2, 7, 41
Suppose 2*t - 1246 = -0*t. Let d = t + -418. Suppose -2 = -6*w + 4*w, -5*w + d = 5*u. List the prime factors of u.
2, 5
Suppose -4*o + 14 = -5*t, 4*t = -4*o - 0 - 4. List the prime factors of (-4 + 6)*o + 27.
29
List the prime factors of 1941/6 + -3 + (-36)/(-8).
5, 13
Let l = -13 + 19. Suppose b = -2 - l. Let c(s) = -8*s - 15. What are the prime factors of c(b)?
7
Suppose -1241 = -5*d + 5*v + 1854, -5*v - 5 = 0. List the prime factors of d.
2, 3, 103
Let s(y) = y**3 - 5*y**2 + 8*y + 18. Let m(c) = c**3 + 17*c**2 + 42*c + 8. Let x be m(-14). List the prime factors of s(x).
2, 137
Suppose 4*z - 22 = -3*s, 5*s - 2 = z + 4. Let j be s - 3/(3/(-74)). Suppose 0 = -4*h - j + 308. What are the prime factors of h?
2, 29
Let i(t) = -t**3 + 12*t**2 + 19*t - 30. Let v be i(13). Let n = 73 - v. List the prime factors of n.
5
Let s(f) = f**3 - 79*f**2 + 213*f + 26. List the prime factors of s(77).
3, 1523
Suppose 0 = -2*j - 2*j, 4*t - 8 = -3*j. Suppose -t*m - 4*k = -30, -3*k - 12 = -0*k. List the prime factors of m.
23
Let n be -2*(1 - (-3 - -2)). Let g = 51 + n. List the prime factors of g.
47
Let l(n) = -n**2 - 6*n - 6. Let f be l(-4). Suppose 0 = 3*y + f*y + 25, 4*d + 5*y = -13. Suppose 60 = -0*t + d*t. What are the prime factors of t?
2, 5
Let m(t) = 3*t + 4*t**2 + 4 + 0*t**2 - 3*t**2 - 12*t. List the prime factors of m(15).
2, 47
Let p(v) = -4*v - 10. Let g be p(-3). Suppose 0 = -4*i - 20, -i = g*x + i - 36. What are the prime factors of x?
23
Let t = -79 - -644. What are the prime factors of t?
5, 113
Let w(a) = a**3 + 13*a**2 + 3*a - 8. Let b be (-3)/9 + 34/(-6). Let z be w(b). Suppose -z = -5*r + 4*g, 5*r + 3*g - 124 = 109. List the prime factors of r.
2, 23
Let w(s) = 3*s - 9. Let y be w(4). Suppose 2*o = -4*b + 114, -y*b - o + 93 = 3*o. What are the prime factors of b?
3
Let l(n) = -n**2 - 8*n + 3. Suppose -5*h - 2 = -17. Suppose -h*m + 4*m + 7 = 0. List the prime factors of l(m).
2, 5
Suppose 0 = 11*a - 289 - 9380. What are the prime factors of a?
3, 293
List the prime factors of (-19086)/(-7) + (-252)/441.
2, 29, 47
Let k(z) = -z**3 + 27*z**2 + 14*z - 30. What are the prime factors of k(23)?
2, 7, 43
Suppose 23*a - 1